{"id":32,"date":"2016-07-12T12:09:48","date_gmt":"2016-07-12T12:09:48","guid":{"rendered":"http:\/\/mtp-bhkw-service.com\/?page_id=32"},"modified":"2021-07-26T10:52:50","modified_gmt":"2021-07-26T10:52:50","slug":"unternehmen","status":"publish","type":"page","link":"https:\/\/mtp-bhkw-service.com\/?page_id=32","title":{"rendered":"Unternehmen"},"content":{"rendered":"<p><img loading=\"lazy\" decoding=\"async\" class=\"alignnone size-medium wp-image-546\" src=\"http:\/\/mtp-bhkw-service.com\/wp-content\/uploads\/2021\/07\/Attachment-1-300x300.png\" alt=\"\" width=\"300\" height=\"300\" srcset=\"https:\/\/mtp-bhkw-service.com\/wp-content\/uploads\/2021\/07\/Attachment-1-300x300.png 300w, https:\/\/mtp-bhkw-service.com\/wp-content\/uploads\/2021\/07\/Attachment-1-500x500.png 500w, https:\/\/mtp-bhkw-service.com\/wp-content\/uploads\/2021\/07\/Attachment-1-150x150.png 150w, https:\/\/mtp-bhkw-service.com\/wp-content\/uploads\/2021\/07\/Attachment-1-768x768.png 768w, https:\/\/mtp-bhkw-service.com\/wp-content\/uploads\/2021\/07\/Attachment-1-1536x1536.png 1536w, https:\/\/mtp-bhkw-service.com\/wp-content\/uploads\/2021\/07\/Attachment-1.png 1920w\" sizes=\"auto, (max-width: 300px) 100vw, 300px\" \/><\/p>\n<p>Neben den allt\u00e4glichen Arbeitsbereichen und Aufgaben eines modernen Servicebetriebes, bieten wir allen unseren Kunden einen umfassenden Service auf einigen Spezialgebieten.<\/p>\n<p>Die MTP BHKW Service GmbH, mit Hauptsitz in Hohen Neuendorf, bietet Ihnen Service, Wartung und Ersatzteillieferungen f\u00fcr Blockheizkraftwerke (BHKW) sowie damit verbundene Dienstleistungen aus einer Hand. Wir sind seit \u00fcber 10 Jahren als BHKW-Service Dienstleister in Deutschland und Europa f\u00fcr Sie im Einsatz. Fachkompetenz, Flexibilit\u00e4t und hohe Einsatzbereitschaft sind die Eckpfeiler unserer Firmenphilosophie.<\/p>\n<p>Durch hochwertige Arbeit, flexiblen Service und hohen pers\u00f6nlichen Einsatz k\u00f6nnen wir unseren Kundenkreis stetig erweitern. Bei uns k\u00f6nnen Sie zuverl\u00e4ssige und professionelle Arbeit auf hohem Niveau erwarten! \u00fcberzeugen Sie sich am Besten selbst davon.<\/p>\n<p>Leistungsklassen &#8211; Service MAN von 50KW &#8211; 530KW \/ \u00a0bis 2000 KW Hersteller abh\u00e4ngig !<\/p>\n<p>Zuverl\u00e4ssigkeit und hohes fachliches und handwerkliches K\u00f6nnen sind f\u00fcr uns die Grundlagen unseres Erfolgs. Bei uns finden Sie kundenfreundlichen Service von der Anfrage bis zur detaillierten und transparenten Rechnungsstellung. Wir sind f\u00fcr Sie da.<\/p>\n<p>Haben wir Ihr Intresse geweckt? Gerne beraten wir Sie individuell und kompetent, pers\u00f6nlich oder per Telefon. Haben Sie noch Fragen ? Nehmen Sie mit uns\u00a0<a href=\"mailto:info@mtp-bhkw-service.de\">Kontakt<\/a>\u00a0auf.<\/p>\n<p><img loading=\"lazy\" decoding=\"async\" class=\"alignnone size-medium wp-image-78 alignleft\" src=\"http:\/\/mtp-bhkw-service.com\/wp-content\/uploads\/2016\/07\/IMG_1442-300x225.jpg\" alt=\"\" width=\"300\" height=\"225\" srcset=\"https:\/\/mtp-bhkw-service.com\/wp-content\/uploads\/2016\/07\/IMG_1442-300x225.jpg 300w, https:\/\/mtp-bhkw-service.com\/wp-content\/uploads\/2016\/07\/IMG_1442-768x576.jpg 768w, https:\/\/mtp-bhkw-service.com\/wp-content\/uploads\/2016\/07\/IMG_1442-1024x768.jpg 1024w\" sizes=\"auto, (max-width: 300px) 100vw, 300px\" \/><\/p>\n<p><img loading=\"lazy\" decoding=\"async\" class=\"size-medium wp-image-77 alignright\" src=\"http:\/\/mtp-bhkw-service.com\/wp-content\/uploads\/2016\/07\/IMG_1390-300x225.jpg\" alt=\"\" width=\"300\" height=\"225\" srcset=\"https:\/\/mtp-bhkw-service.com\/wp-content\/uploads\/2016\/07\/IMG_1390-300x225.jpg 300w, https:\/\/mtp-bhkw-service.com\/wp-content\/uploads\/2016\/07\/IMG_1390-768x576.jpg 768w, https:\/\/mtp-bhkw-service.com\/wp-content\/uploads\/2016\/07\/IMG_1390-1024x768.jpg 1024w\" sizes=\"auto, (max-width: 300px) 100vw, 300px\" \/><\/p>\n","protected":false},"excerpt":{"rendered":"<p>Neben den allt\u00e4glichen Arbeitsbereichen und Aufgaben eines modernen Servicebetriebes, bieten wir allen unseren Kunden einen umfassenden Service auf einigen Spezialgebieten. Die MTP BHKW Service GmbH, mit Hauptsitz in Hohen Neuendorf, bietet Ihnen Service, Wartung und Ersatzteillieferungen f\u00fcr Blockheizkraftwerke (BHKW) sowie damit verbundene Dienstleistungen aus einer Hand. Wir sind seit \u00fcber 10 Jahren als BHKW-Service Dienstleister&#8230; <\/p>\n","protected":false},"author":1,"featured_media":0,"parent":0,"menu_order":0,"comment_status":"closed","ping_status":"closed","template":"","meta":{"footnotes":""},"class_list":["post-32","page","type-page","status-publish","hentry"],"jetpack_sharing_enabled":true,"_links":{"self":[{"href":"https:\/\/mtp-bhkw-service.com\/index.php?rest_route=\/wp\/v2\/pages\/32","targetHints":{"allow":["GET"]}}],"collection":[{"href":"https:\/\/mtp-bhkw-service.com\/index.php?rest_route=\/wp\/v2\/pages"}],"about":[{"href":"https:\/\/mtp-bhkw-service.com\/index.php?rest_route=\/wp\/v2\/types\/page"}],"author":[{"embeddable":true,"href":"https:\/\/mtp-bhkw-service.com\/index.php?rest_route=\/wp\/v2\/users\/1"}],"replies":[{"embeddable":true,"href":"https:\/\/mtp-bhkw-service.com\/index.php?rest_route=%2Fwp%2Fv2%2Fcomments&post=32"}],"version-history":[{"count":8,"href":"https:\/\/mtp-bhkw-service.com\/index.php?rest_route=\/wp\/v2\/pages\/32\/revisions"}],"predecessor-version":[{"id":557,"href":"https:\/\/mtp-bhkw-service.com\/index.php?rest_route=\/wp\/v2\/pages\/32\/revisions\/557"}],"wp:attachment":[{"href":"https:\/\/mtp-bhkw-service.com\/index.php?rest_route=%2Fwp%2Fv2%2Fmedia&parent=32"}],"curies":[{"name":"wp","href":"https:\/\/api.w.org\/{rel}","templated":true}]}}