{"id":35,"date":"2016-07-12T12:18:41","date_gmt":"2016-07-12T12:18:41","guid":{"rendered":"http:\/\/mtp-bhkw-service.com\/?page_id=35"},"modified":"2016-07-14T17:00:14","modified_gmt":"2016-07-14T17:00:14","slug":"motoreninstandsetzung","status":"publish","type":"page","link":"https:\/\/mtp-bhkw-service.com\/?page_id=35","title":{"rendered":"Motoreninstandsetzung"},"content":{"rendered":"<p style=\"text-align: left;\"><span style=\"color: #000000;\">Sie suchen einen Spezialisten? Wir sind die L\u00f6sung!\u00a0Dank modernster Technik sind wir in der Lage Ihnen einen kompetenten Service rund um ihr Blockheizkraftwerk zu bieten.\u00a0Durch unsere langj\u00e4hrige Erfahrung k\u00f6nnen wir bei Problemen mit Ihrem Blockheizkraftwerk kosteng\u00fcnstig und flexibel Ihnen zur Seite stehen.<\/span><\/p>\n<p style=\"text-align: left;\"><span style=\"color: #000000;\">Die Motoreninstandsetzung der MTP bietet Ihnen eine gro\u00dfe Auswahl an Ersatzteilen f\u00fcr Folgende Hersteller:\u00a0<\/span><\/p>\n<p style=\"text-align: left; padding-left: 30px;\">MAN, MWM, GE Jenbach<\/p>\n<p>\u00a0<span class=\"Apple-style-span\" style=\"font-size: 20px; font-weight: bold;\"><span style=\"color: #000000;\">Bearbeitung von Motorbl\u00f6cken<img loading=\"lazy\" decoding=\"async\" class=\"size-medium wp-image-36 alignright\" src=\"http:\/\/mtp-bhkw-service.com\/wp-content\/uploads\/2016\/07\/IMG_3378-300x200.jpg\" alt=\"IMG_3378\" width=\"300\" height=\"200\" srcset=\"https:\/\/mtp-bhkw-service.com\/wp-content\/uploads\/2016\/07\/IMG_3378-300x200.jpg 300w, https:\/\/mtp-bhkw-service.com\/wp-content\/uploads\/2016\/07\/IMG_3378-768x512.jpg 768w, https:\/\/mtp-bhkw-service.com\/wp-content\/uploads\/2016\/07\/IMG_3378-1024x683.jpg 1024w\" sizes=\"auto, (max-width: 300px) 100vw, 300px\" \/><\/span><\/span><\/p>\n<ul>\n<li><span style=\"color: #000000;\">Zerlegen und Montage des Motorblocks<\/span><\/li>\n<li><span style=\"color: #000000;\">Pr\u00fcfung des Motorblocks auf Planheit und Verzug<\/span><\/li>\n<li><span style=\"color: #000000;\">Planschleifen des Motorblocks<\/span><\/li>\n<li><span style=\"color: #000000;\">Pr\u00fcfung der Zylinder auf Verschlei\u00df und Rundheit<\/span><\/li>\n<li><span style=\"color: #000000;\">Bohren und Honen von Zylindern<\/span><\/li>\n<li><span style=\"color: #000000;\">Schleifen der Zylinder auf Ma\u00df<\/span><\/li>\n<li><span style=\"color: #000000;\">Vermessen der Hauptlagergassen auf Rundheit<\/span><\/li>\n<li><span style=\"color: #000000;\">Instandsetzen der Lagergassen<\/span><\/li>\n<li><span style=\"color: #000000;\">Pr\u00fcfung der Pleuelstangengrundbohrung auf Ma\u00dfhaltigkeit und Winkeligkeit<\/span><\/li>\n<li><span style=\"color: #000000;\">Pr\u00fcfung der Kolben und Lager auf Verschlei\u00df<\/span><\/li>\n<li><span style=\"color: #000000;\">Erneuern von trockenen und nassen Laufbuchsen<\/span><\/li>\n<li><span style=\"color: #000000;\">Setzen von neuen Grundbohrungen f\u00fcr \u00dcberma\u00dfbuchsen<\/span><\/li>\n<li><span style=\"color: #000000;\">Instandsetzung von Gewinden (Helicoil)<\/span><\/li>\n<li><span style=\"color: #000000;\">Einsetzen von Gewindebuchsen verschiedener Art (Durchmesser und Steigung)<\/span><\/li>\n<li><span style=\"color: #000000;\">Chemische und meschanische Reinigung von Motorbl\u00f6cken uvm.<\/span><\/li>\n<\/ul>\n<section>\n<h2><span style=\"color: #000000;\"><strong>Bearbeitung von Zylinderk\u00f6pfen<\/strong><img loading=\"lazy\" decoding=\"async\" class=\"size-medium wp-image-37 alignright\" src=\"http:\/\/mtp-bhkw-service.com\/wp-content\/uploads\/2016\/07\/IMG_3389-300x200.jpg\" alt=\"IMG_3389\" width=\"300\" height=\"200\" srcset=\"https:\/\/mtp-bhkw-service.com\/wp-content\/uploads\/2016\/07\/IMG_3389-300x200.jpg 300w, https:\/\/mtp-bhkw-service.com\/wp-content\/uploads\/2016\/07\/IMG_3389-768x512.jpg 768w, https:\/\/mtp-bhkw-service.com\/wp-content\/uploads\/2016\/07\/IMG_3389-1024x683.jpg 1024w\" sizes=\"auto, (max-width: 300px) 100vw, 300px\" \/><\/span><\/h2>\n<ul>\n<li><span style=\"color: #000000;\">Zerlegen und Montage von Zylinderk\u00f6pfen<\/span><\/li>\n<li><span style=\"color: #000000;\">Zeitwertgerechte Teilinstandsetzung<\/span><\/li>\n<li><span style=\"color: #000000;\">Pr\u00fcfung auf Risse (warm abdr\u00fccken)<\/span><\/li>\n<li><span style=\"color: #000000;\">Planschleifen des Zylinderkopfes<\/span><\/li>\n<li><span style=\"color: #000000;\">Schleifen von Ventilen<\/span><\/li>\n<li><span style=\"color: #000000;\">Erneuern von Ventilf\u00fchrungen<\/span><\/li>\n<li><span style=\"color: #000000;\">Fr\u00e4sen von Ventilsitzen<\/span><\/li>\n<li><span style=\"color: #000000;\">Erneuern von Ventilsitzringen<\/span><\/li>\n<li><span style=\"color: #000000;\">Evtl. Aufschwei\u00dfen und Nacharbeiten von Dichtfl\u00e4chen<\/span><\/li>\n<li><span style=\"color: #000000;\">Fachgerechte Reinigung des Zylinderkopfes uvm.<\/span><\/li>\n<\/ul>\n<\/section>\n<p>Haben wir Ihr Intresse geweckt? Gerne beraten wir Sie individuell und kompetent, pers\u00f6nlich oder per Telefon. Haben Sie noch Fragen ? Nehmen Sie mit uns\u00a0<a href=\"mailto:info@mtp-bhkw-service.de\">Kontakt<\/a>\u00a0auf.<\/p>\n","protected":false},"excerpt":{"rendered":"<p>Sie suchen einen Spezialisten? Wir sind die L\u00f6sung!\u00a0Dank modernster Technik sind wir in der Lage Ihnen einen kompetenten Service rund um ihr Blockheizkraftwerk zu bieten.\u00a0Durch unsere langj\u00e4hrige Erfahrung k\u00f6nnen wir bei Problemen mit Ihrem Blockheizkraftwerk kosteng\u00fcnstig und flexibel Ihnen zur Seite stehen. Die Motoreninstandsetzung der MTP bietet Ihnen eine gro\u00dfe Auswahl an Ersatzteilen f\u00fcr Folgende&#8230; <\/p>\n","protected":false},"author":1,"featured_media":0,"parent":0,"menu_order":0,"comment_status":"closed","ping_status":"closed","template":"","meta":{"footnotes":""},"class_list":["post-35","page","type-page","status-publish","hentry"],"jetpack_sharing_enabled":true,"_links":{"self":[{"href":"https:\/\/mtp-bhkw-service.com\/index.php?rest_route=\/wp\/v2\/pages\/35","targetHints":{"allow":["GET"]}}],"collection":[{"href":"https:\/\/mtp-bhkw-service.com\/index.php?rest_route=\/wp\/v2\/pages"}],"about":[{"href":"https:\/\/mtp-bhkw-service.com\/index.php?rest_route=\/wp\/v2\/types\/page"}],"author":[{"embeddable":true,"href":"https:\/\/mtp-bhkw-service.com\/index.php?rest_route=\/wp\/v2\/users\/1"}],"replies":[{"embeddable":true,"href":"https:\/\/mtp-bhkw-service.com\/index.php?rest_route=%2Fwp%2Fv2%2Fcomments&post=35"}],"version-history":[{"count":4,"href":"https:\/\/mtp-bhkw-service.com\/index.php?rest_route=\/wp\/v2\/pages\/35\/revisions"}],"predecessor-version":[{"id":153,"href":"https:\/\/mtp-bhkw-service.com\/index.php?rest_route=\/wp\/v2\/pages\/35\/revisions\/153"}],"wp:attachment":[{"href":"https:\/\/mtp-bhkw-service.com\/index.php?rest_route=%2Fwp%2Fv2%2Fmedia&parent=35"}],"curies":[{"name":"wp","href":"https:\/\/api.w.org\/{rel}","templated":true}]}}