{"id":58,"date":"2016-07-12T12:55:47","date_gmt":"2016-07-12T12:55:47","guid":{"rendered":"http:\/\/mtp-bhkw-service.com\/?page_id=58"},"modified":"2023-03-15T13:27:08","modified_gmt":"2023-03-15T13:27:08","slug":"kontakt","status":"publish","type":"page","link":"https:\/\/mtp-bhkw-service.com\/?page_id=58","title":{"rendered":"Kontakt"},"content":{"rendered":"<h1>MTP\u00a0\u00a0Kundendienst<\/h1>\n<p>Wir haben f\u00fcr Sie alles im Blick. Egal ob allgemeine Serviceanfragen oder St\u00f6rungsmeldungen &#8211;<br \/>\nwir stehen Ihnen schnell und kompetent zur Seite f\u00fcr:<\/p>\n<ul class=\"listeinnen\">\n<li>technischen Support<\/li>\n<li>Wartungsarbeiten<\/li>\n<li>St\u00f6rungsbeseitigungen<\/li>\n<li>R\u00fcckfragen zu Serviceauftr\u00e4gen<\/li>\n<li>Anfragen und Preisausk\u00fcnften zu Ersatzteillieferungen<\/li>\n<\/ul>\n<p>F\u00fcr eine optimale Serviceabwicklung vor Ort verf\u00fcgen wir deutschlandweit \u00fcber kompetente Partner.<br \/>\nIn vielen F\u00e4llen ist es jedoch nicht erforderlich, einen Service vor Ort zu beauftragen. F\u00fcr eine schnelle, telefonische Beratung und Unterst\u00fctzung bei Serviceanfragen ist unser kompetentes Supportteam rund um die Uhr f\u00fcr sie erreichbar.<\/p>\n<p>Unseren Kundendienst erreichen Sie zu den Gesch\u00e4ftszeiten von\u00a0\u00a0<strong>Montag &#8211; Freitag<\/strong>\u00a0von\u00a0<strong>07:00 \u2013 17:00 Uhr.<\/strong><\/p>\n<p>Au\u00dferhalb der Gesch\u00e4ftszeiten halten wir eine telefonische\u00a0<strong>Rufbereitschaft<\/strong>\u00a0vor.<\/p>\n<p>Wir empfehlen unseren Kunden Wartungsvertr\u00e4ge abzuschlie\u00dfen, um eine hohe Betriebssicherheit der Anlagen zu gew\u00e4hrleisten. Bitte lassen Sie sich vom MTP-Kundendienst beraten.<\/p>\n<p><strong>phone +49 (0)3303 29777 40 (Disposition\/technischer Support)<br \/>\nfax:\u00a0 +49 (0) 3303 29777 49<br \/>\nmobile: +49 3303 2977740 \u00a0(24 Std. Rufbereitschaft au\u00dferhalb der Gesch\u00e4ftszeiten<\/strong><\/p>\n<p>Lager \/ Ersatzteile: +49 3303 29777 45 \/ Fax +49 3303 29777 46<\/p>\n<p><strong>eMail:\u00a0service@mtp-bhkw-service.de<\/strong><\/p>\n<p>Bei R\u00fcckfragen oder Beratungsbedarf stehen Ihnen die Mitarbeiter unserer Fachabteilungen am Produktionsstandort und bundesweit die Kundenbetreuer der MTP BHKW Service GmbH gern zur Verf\u00fcgung.<br \/>\nWenn Sie Fragen oder Probleme haben, k\u00f6nnen Sie nat\u00fcrlich \u00fcber unsere Service-Hotline jederzeit mit uns in Kontakt treten.<\/p>\n<p>Wir helfen Ihnen gerne weiter<\/p>\n<p>MTP BHKW Service GmbH<br \/>\nGesch\u00e4ftsf\u00fchrer: Andreas Petukat<br \/>\nGewerbestra\u00dfe 12<br \/>\n16540 Hohen Neuendorf<\/p>\n<p>Telefon:(+49) 03303 29777 -41<br \/>\nFax.: (+49) 03303 29777 -49<br \/>\nEMail:\u00a0service@mtp-bhkw-service.de<\/p>\n<p>MTP BHKW Service GmbH Verwaltung<br \/>\nGewerbestra\u00dfe 12<br \/>\n16540 Hohen Neuendorf<\/p>\n<p>B\u00fcroleitung: Frau Petukat<br \/>\nB\u00fcrozeiten: Mo-Fr. 09:00 &#8211; 14:00 Uhr<br \/>\nServicehotline:+49 3303 29777 41<\/p>\n<p>Telefon:(+49) 03303 2977740<br \/>\nFax: (+49) 03303 2977749<br \/>\nEMail:\u00a0info@mtp-bhkw-service.de<\/p>\n","protected":false},"excerpt":{"rendered":"<p>MTP\u00a0\u00a0Kundendienst Wir haben f\u00fcr Sie alles im Blick. Egal ob allgemeine Serviceanfragen oder St\u00f6rungsmeldungen &#8211; wir stehen Ihnen schnell und kompetent zur Seite f\u00fcr: technischen Support Wartungsarbeiten St\u00f6rungsbeseitigungen R\u00fcckfragen zu Serviceauftr\u00e4gen Anfragen und Preisausk\u00fcnften zu Ersatzteillieferungen F\u00fcr eine optimale Serviceabwicklung vor Ort verf\u00fcgen wir deutschlandweit \u00fcber kompetente Partner. In vielen F\u00e4llen ist es jedoch nicht&#8230; <\/p>\n","protected":false},"author":1,"featured_media":0,"parent":0,"menu_order":0,"comment_status":"closed","ping_status":"closed","template":"","meta":{"footnotes":""},"class_list":["post-58","page","type-page","status-publish","hentry"],"jetpack_sharing_enabled":true,"_links":{"self":[{"href":"https:\/\/mtp-bhkw-service.com\/index.php?rest_route=\/wp\/v2\/pages\/58","targetHints":{"allow":["GET"]}}],"collection":[{"href":"https:\/\/mtp-bhkw-service.com\/index.php?rest_route=\/wp\/v2\/pages"}],"about":[{"href":"https:\/\/mtp-bhkw-service.com\/index.php?rest_route=\/wp\/v2\/types\/page"}],"author":[{"embeddable":true,"href":"https:\/\/mtp-bhkw-service.com\/index.php?rest_route=\/wp\/v2\/users\/1"}],"replies":[{"embeddable":true,"href":"https:\/\/mtp-bhkw-service.com\/index.php?rest_route=%2Fwp%2Fv2%2Fcomments&post=58"}],"version-history":[{"count":11,"href":"https:\/\/mtp-bhkw-service.com\/index.php?rest_route=\/wp\/v2\/pages\/58\/revisions"}],"predecessor-version":[{"id":576,"href":"https:\/\/mtp-bhkw-service.com\/index.php?rest_route=\/wp\/v2\/pages\/58\/revisions\/576"}],"wp:attachment":[{"href":"https:\/\/mtp-bhkw-service.com\/index.php?rest_route=%2Fwp%2Fv2%2Fmedia&parent=58"}],"curies":[{"name":"wp","href":"https:\/\/api.w.org\/{rel}","templated":true}]}}